What is the ten millions digit of 62499911?
6
What is the billions digit of 5911126063?
5
What is the thousands digit of 22847319?
7
What is the millions digit of 148254922?
8
What is the billions digit of 4378154669?
4
What is the ten millions digit of 142622243?
4
What is the hundreds digit of 1049859885?
8
What is the ten millions digit of 811343684?
1
What is the hundred thousands digit of 770941862?
9
What is the ten millions digit of 15123667?
1
What is the units digit of 66956821?
1
What is the hundreds digit of 1999645?
6
What is the hundred millions digit of 670451849?
6
What is the thousands digit of 1468069?
8
What is the hundreds digit of 245219518?
5
What is the ten millions digit of 438451484?
3
What is the hundreds digit of 60443520?
5
What is the thousands digit of 1769394365?
4
What is the tens digit of 2107202818?
1
What is the tens digit of 114578564?
6
What is the millions digit of 56731133?
6
What is the ten millions digit of 2166115790?
6
What is the hundred millions digit of 172379440?
1
What is the ten thousands digit of 317313590?
1
What is the tens digit of 474404067?
6
What is the ten millions digit of 51068664?
5
What is the ten thousands digit of 50222360?
2
What is the units digit of 3059780?
0
What is the thousands digit of 88418929?
8
What is the hundreds digit of 1080948386?
3
What is the hundred thousands digit of 1315944602?
9
What is the units digit of 3201346780?
0
What is the ten thousands digit of 169374312?
7
What is the ten millions digit of 21105950?
2
What is the ten thousands digit of 263621705?
2
What is the hundreds digit of 18671976?
9
What is the units digit of 142931695?
5
What is the ten millions digit of 260851209?
6
What is the thousands digit of 1817740374?
0
What is the ten thousands digit of 74694063?
9
What is the units digit of 45090591?
1
What is the ten millions digit of 230989449?
3
What is the hundred thousands digit of 32948272?
9
What is the hundred thousands digit of 300090247?
0
What is the hundred millions digit of 126081652?
1
What is the hundred millions digit of 407400585?
4
What is the units digit of 42566929?
9
What is the hundreds digit of 129160379?
3
What is the ten thousands digit of 336854143?
5
What is the hundred thousands digit of 34516836?
5
What is the millions digit of 2862445706?
2
What is the hundred millions digit of 271358445?
2
What is the hundreds digit of 729541791?
7
What is the millions digit of 387277347?
7
What is the hundred thousands digit of 185210487?
2
What is the ten thousands digit of 1926575631?
7
What is the thousands digit of 44786704?
6
What is the thousands digit of 3797096?
7
What is the hundreds digit of 25567920?
9
What is the ten millions digit of 157392082?
5
What is the hundreds digit of 4695447025?
0
What is the hundreds digit of 55628909?
9
What is the ten thousands digit of 79815945?
1
What is the ten thousands digit of 47549542?
4
What is the millions digit of 31422752?
1
What is the ten millions digit of 1454390189?
5
What is the hundreds digit of 97873049?
0
What is the hundreds digit of 449606059?
0
What is the hundreds digit of 1339640636?
6
What is the tens digit of 21096350?
5
What is the hundred thousands digit of 1572191?
5
What is the hundreds digit of 271445763?
7
What is the ten thousands digit of 102337638?
3
What is the hundred thousands digit of 728215753?
2
What is the hundreds digit of 11802922?
9
What is the hundred millions digit of 117340232?
1
What is the ten thousands digit of 93588196?
8
What is the millions digit of 5199066545?
9
What is the hundreds digit of 544561470?
4
What is the hundred millions digit of 147274032?
1
What is the ten thousands digit of 2876289424?
8
What is the hundreds digit of 776479794?
7
What is the thousands digit of 1795322689?
2
What is the millions digit of 125807805?
5
What is the hundred thousands digit of 2452881961?
8
What is the tens digit of 441045090?
9
What is the billions digit of 1700865849?
1
What is the thousands digit of 66119586?
9
What is the hundred millions digit of 562583607?
5
What is the billions digit of 6756076079?
6
What is the units digit of 33883128?
8
What is the ten thousands digit of 1082965583?
6
What is the billions digit of 1375134678?
1
What is the millions digit of 222945342?
2
What is the ten millions digit of 1693300219?
9
What is the hundred thousands digit of 232355049?
3
What is the ten thousands digit of 5548374?
4
What is the ten millions digit of 144883411?
4
What is the ten thousands digit of 268392925?
9
What is the tens digit of 12633072?
7
What is the thousands digit of 32808428?
8
What is the billions digit of 4611067672?
4
What is the hundreds digit of 102176642?
6
What is the units digit of 455768410?
0
What is the hundred thousands digit of 133520964?
5
What is the tens digit of 4819474730?
3
What is the tens digit of 1240835095?
9
What is the thousands digit of 59248029?
8
What is the hundreds digit of 683319419?
4
What is the hundred thousands digit of 41055820?
0
What is the units digit of 431956930?
0
What is the tens digit of 249354340?
4
What is the ten thousands digit of 1146880544?
8
What is the hundred thousands digit of 201314738?
3
What is the millions digit of 7002844562?
2
What is the thousands digit of 1646224954?
4
What is the hundred thousands digit of 214723061?
7
What is the ten millions digit of 38485231?
3
What is the tens digit of 244251474?
7
What is the ten thousands digit of 268527067?
2
What is the tens digit of 98808074?
7
What is the millions digit of 27327565?
7
What is the tens digit of 5541067433?
3
What is the thousands digit of 332073906?
3
What is the hundred millions digit of 1157063032?
1
What is the hundred thousands digit of 15802746?
8
What is the units digit of 357848115?
5
What is the ten millions digit of 170968719?
7
What is the units digit of 232215086?
6
What is the tens digit of 30704586?
8
What is the hundred millions digit of 3344746624?
3
What is the tens digit of 119713188?
8
What is the hundred thousands digit of 27670234?
6
What is the hundred millions digit of 1204317724?
2
What is the ten millions digit of 5020448125?
2
What is the ten thousands digit of 114229318?
2
What is the hundreds digit of 207767259?
2
What is the ten thousands digit of 4083545809?
4
What is the hundred thousands digit of 1756034309?
0
What is the tens digit of 606507272?
7
What is the millions digit of 110496334?
0
What is the thousands digit of 516600405?
0
What is the tens digit of 15584185?
8
What is the ten millions digit of 73171809?
7
What is the thousands digit of 2339361635?
1
What is the tens digit of 45475505?
0
What is the hundred thousands digit of 42260019?
2
What is the hundred thousands digit of 22029725?
0
What is the ten thousands digit of 242389094?
8
What is the tens digit of 555522633?
3
What is the units digit of 2917242787?
7
What is the tens digit of 75527288?
8
What is the millions digit of 4105798315?
5
What is the ten thousands digit of 144895243?
9
What is the units digit of 276184489?
9
What is the thousands digit of 159444453?
4
What is the hundreds digit of 19524779?
7
What is the millions digit of 1252584496?
2
What is the hundred millions digit of 951302550?
9
What is the hundreds digit of 1330489376?
3
What is the millions digit of 688370849?
8
What is the hundreds digit of 98233969?
9
What is the units digit of 79364156?
6
What is the ten thousands digit of 7172356?
7
What is the units digit of 234102375?
5
What is the units digit of 633540977?
7
What is the tens digit of 46091709?
0
What is the ten thousands digit of 235288075?
8
What is the ten millions digit of 44800182?
4
What is the tens digit of 2594967539?
3
What is the hundreds digit of 594237647?
6
What is the billions digit of 2552777381?
2
What is the hundred thousands digit of 632553608?
5
What is the thousands digit of 227186898?
6
What is the millions digit of 4355121?
4
What is the hundred thousands digit of 2277826333?
8
What is the thousands digit of 3218654814?
4
What is the hundreds digit of 1076951885?
8
What is the units digit of 17813381?
1
What is the hundreds digit of 1564785787?
7
What is the tens digit of 1777653150?
5
What is the tens digit of 46752539?
3
What is the units digit of 11463171